NOAA-Style Climate Reports

Select a Year or Month report
2024: Jan Feb Mar Apr May Jun Jul Aug Sep Oct Nov Dec
2023: Jan Feb Mar Apr May Jun Jul Aug Sep Oct Nov Dec
2022: Jan Feb Mar Apr May Jun Jul Aug Sep Oct Nov Dec
2021: Jan Feb Mar Apr May Jun Jul Aug Sep Oct Nov Dec
2020: Jan Feb Mar Apr May Jun Jul Aug Sep Oct Nov Dec
2019: Jan Feb Mar Apr May Jun Jul Aug Sep Oct Nov Dec
2018: Jan Feb Mar Apr May Jun Jul Aug Sep Oct Nov Dec

Report for 2024 February

Daily noaa report



                            MONTHLY CLIMATOLOGICAL SUMMARY for FEB. 2024

NAME:    CITY:  STATE: 
ELEV:  LAT:  LONG: 

                            TEMPERATURE ( °F), RAIN (in.), WIND SPEED (mph)

                                               HEAT     COOL           AVG
      MEAN                                     DEG      DEG            WIND                       DOM
DAY   TEMP    HIGH   TIME     LOW    TIME      DAYS     DAYS    RAIN   SPEED    HIGH    TIME      DIR
--------------------------------------------------------------------------------------------------------
01    49.8   061.7   12:29    37.5   05:55     15.2     00.0   00.00   02.7     16.1    13:56      W 
02    54.2   067.0   13:00    42.7   06:30     10.8     00.0   00.00   02.9     14.9    14:57      W 
03    56.2   072.4   14:02    39.9   07:12     08.8     00.0   00.00   03.5     16.1    15:41      SE
04    52.8   060.1   10:52    46.8   22:31     12.2     00.0   01.70   05.8     27.6    10:52      N 
05    50.2   058.5   14:17    45.2   03:17     14.7     00.0   00.00   07.4     26.4    17:04     NNE
06    54.9   067.3   15:00    43.6   06:39     10.0     00.0   00.00   04.3     16.1    15:33      N 
07    53.5   066.5   15:26    42.8   06:33     11.5     00.0   00.00   03.5     16.1    09:25     ENE
08    55.4   067.7   14:24    42.3   06:53     09.5     00.0   00.00   04.6     21.9    12:21     SSE
09    61.4   072.0   11:56    51.0   03:41     03.5     00.0   00.00   04.8     19.6    13:21      S 
10    65.8   073.7   11:43    60.1   07:27     00.0     00.8   00.00   06.5     27.6    15:06      S 
11    69.3   074.1   15:27    65.9   00:01     00.0     04.4   00.06   07.8     28.8    16:10     SSW
12    65.9   070.7   07:56    51.6   00:00     00.0     01.0   00.96   09.2     38.0    06:34      SW
13    52.1   061.3   14:40    45.4   00:00     12.9     00.0   00.00   06.3     25.3    08:40     NNW
14    51.7   066.6   14:45    39.7   06:37     13.2     00.0   00.00   03.1     12.7    14:09     NNE
15    54.7   065.4   11:59    46.6   01:01     10.2     00.0   00.00   02.2     10.3    13:28     WNW
16    57.4   065.3   12:06    48.7   02:41     07.6     00.0   00.03   02.5     10.3    21:42     SSW
17    55.2   062.0   09:59    44.6   00:00     09.8     00.0   00.63   06.0     26.4    23:03      N 
18    44.5   050.6   16:25    40.1   21:29     20.4     00.0   00.00   06.7     19.6    13:23     NNE
19    48.3   062.9   15:56    36.8   06:40     16.6     00.0   00.00   04.5     17.3    12:16     NNW
20    50.4   064.1   13:20    35.4   06:45     14.5     00.0   00.00   03.1     19.6    14:02      W 
--------------------------------------------------------------------------------------------------------
55.2 (55.4)   74.1  day 11     35.4  day 20   201.3    006.2   03.37   04.9     38.0   day 12     NNW
Min <  86: 20
Max Rain: 1.70 ON 4-02-24
Days of Rain: 5 (> .008in) 3 (> .08in) 2 (> 0.8in)